+ x**2. Calculate a(3).
5
Let s(h) = -2*h + 7. Let d be (-4)/(-10) + 160/(-25). Let r(t) = -t**3 + 6*t**2 - 4*t + 6. Let n be r(5). Let z = d + n. Determine s(z).
-3
Let x be 22/18 - 4/18. Suppose 2*b + 17 = 3*v, 3*v + x = b + 17. Let a(f) be the second derivative of f**5/20 - 5*f**4/12 - f**3/6 + 2*f**2 - f. Give a(v).
-1
Let q(k) = -5*k + 3. Let x be 0 + -7 + 8 + -4. Give q(x).
18
Let d(v) be the first derivative of -v**4/4 + v**2 - 3. What is d(2)?
-4
Suppose 2*n = n + x, 2*x = -3*n + 10. Let j(m) = -n*m + m**2 + 3*m + 6 + 7*m. Let f be 84/(-18) + 2/3. Calculate j(f).
-10
Let z(i) = -i**2 - i + 13. Let b(d) = d**3 - 10*d**2 + 7*d + 18. Let m be b(9). Calculate z(m).
13
Let v(p) = -p - 4. Suppose a = 4*l - 68, -5*a - 2*l - l = 294. Let f be (a/(-8))/(-5)*-2. Calculate v(f).
-7
Let i(y) = 1 + 0*y - 2 + 0 + 6*y. Give i(1).
5
Suppose 16 = 4*q, 3*q - 15 = k - 5. Let n(r) = r**3 + 0 + 0*r**3 + 2*r - 3*r**k - 3. Let p = 14 + -11. Determine n(p).
3
Let q(y) = 2*y. Let c = 8 + -1. Suppose 4*h - 2*r = -c*r + 24, -4*h = 2*r - 12. Calculate q(h).
2
Let v(w) = -w. Let z = 2 + 2. Let h be z/(-20) + 58/(-10). Let s = h - -6. Give v(s).
0
Let g(c) = -c**3 - 4*c**2 + 3. Suppose -2*a + 2*t = -112 - 4, -124 = -2*a - 2*t. Suppose -2*k - 3*k - a = 0. Let h = k - -9. Give g(h).
-6
Let r(c) = c**3 - 2*c**2 - 3*c + 4. Let f(w) be the second derivative of w + 1/6*w**3 - 3/2*w**2 + 0. Let a be f(6). Determine r(a).
4
Let o(b) = -b + 9. Let p be o(5). Suppose c - p = -c. Let u(h) = h**c + 2*h**2 - h**2 + 3*h - h**2. Calculate u(-3).
0
Let o(q) = -4*q - 1. Let j(p) = p**2 + 16*p + 3. Let y be j(-16). Calculate o(y).
-13
Let q = 1/114 + 25/38. Let h(u) be the second derivative of 1/3*u**4 + q*u**3 + u**2 + u + 0 + 1/20*u**5. What is h(-3)?
-1
Let x(m) be the third derivative of 1/6*m**3 + 0 - m**2 + 1/15*m**5 - 1/12*m**4 + 0*m. Determine x(1).
3
Let x(n) = -n - 2. Suppose -v - 2 = -4. Suppose -v*f + f = 0. Suppose 2*p = q, -4*q - 2*p + 10 + f = 0. Determine x(q).
-4
Suppose -5*y + 4*m = 29, 4*y + y + 26 = m. Suppose 7*a = 10*a - 54. Let j(p) = -p + 4*p - 11 + a. Determine j(y).
-8
Let h(i) be the first derivative of -i**3/3 - 11*i**2/2 - 9*i + 16. Give h(-10).
1
Let a(q) be the third derivative of -q**4/12 - 2*q**3/3 - 2*q**2. Let s be (3/3)/((-1)/4). Give a(s).
4
Let o(q) = q**2 + 3*q + 7. Let g = -22 - -22. Let p(n) = -2*n - 5. Let w be p(g). Calculate o(w).
17
Suppose 3*j - 15 + 6 = 0. Let g(x) = 6*x - j*x - x + 3*x**2. What is g(-2)?
8
Let s(d) be the second derivative of -d**4/12 + 2*d**3/3 + 8*d. Calculate s(6).
-12
Let p(i) be the first derivative of 4*i**3/3 - 5*i**2/2 + 3*i + 3. Give p(3).
24
Suppose 0 = -3*y + 5*m - 25, -3*y - 5*m + 25 = -2*y. Let d(z) = 7*z - 2. Let n(l) = -l + 3 - 2 - 2. Let f(t) = -d(t) - 6*n(t). Calculate f(y).
8
Let z = -61 + 56. Let q(i) = -i - 4. Calculate q(z).
1
Let j(m) = m**3 + 3*m**2 - 2*m - 3. Let n = 6 - 4. Let y be (1 - -1 - 3) + n. Let w be 1/1*(-2 - y). Determine j(w).
3
Suppose 5*l - 2 = -4*s - 1, 0 = 5*s - l - 23. Suppose -s*t - p + 10 = -3*p, -3*t + 2*p = -7. Let i(a) = 3 - 1 + t*a**2 - 2*a**2 + 3*a. What is i(-2)?
0
Suppose -6*w - 2*k = -2*w + 30, -5*k = 3*w + 26. Let s = w + 9. Let m(n) = -n**s + 8 - 4*n**2 + 8*n + 2*n**3 - 3*n**3. Determine m(-6).
-4
Let x(m) = -m**3 + 4*m**2 - 3*m + 2. Let f be x(2). Let j(t) = -t**3 + t**2. Let p(u) = 2*u**3 - 5*u**2 - 2*u + 3. Let a(c) = j(c) + p(c). Determine a(f).
-5
Let g(d) = 3*d**2 + 1. Let s be g(1). Let c(r) = r - 1 - s + r. Suppose 0*n + 4 = -3*h + 4*n, h + 2*n - 12 = 0. Determine c(h).
3
Suppose 10*w = -7*w + 119. Let b(m) = m - 6. What is b(w)?
1
Let n(p) be the second derivative of -p**5/60 - 5*p**4/24 + 2*p**3/3 + p**2/2 - p. Let r(d) be the first derivative of n(d). Let a = 9 + -15. Determine r(a).
-2
Let l(u) be the third derivative of -u**4/24 - u**2. Determine l(-4).
4
Let o(j) = j**3 + 4*j**2 - 2. Suppose -3*n + 24 = -3*u, 3*n + 6 = -5*u - 2. Give o(u).
-2
Let u(i) = 16*i + 5. Let o(y) = -15*y - 4. Let l(t) = -5*o(t) - 4*u(t). Determine l(1).
11
Let s(q) be the second derivative of 1/3*q**3 - q + 1/360*q**6 + 0*q**2 + 1/4*q**4 - 1/20*q**5 + 0. Let j(k) be the second derivative of s(k). Calculate j(6).
6
Let b = 2 + 0. Let a(m) = m**b - 5 + 2 + 3 - 1 - m**3. Calculate a(2).
-5
Let l(w) = w**3 - 4*w**2 - 3*w - 7. Let c be l(5). Let o = -4 + 6. Let i(u) = -1 - 4 + o*u + c + 4*u - u**2. Determine i(4).
6
Suppose -q = -5*v + 2*q - 7, 13 = -3*v + 4*q. Let p(u) = 4*u. Let j(c) = c. Let s(z) = v*p(z) - 12*j(z). Give s(-1).
8
Let y(t) = -3*t**2 - 3*t. Let s(p) = -p**3 + 5*p**2 - 6*p + 6. Suppose 3*o = -4 + 13. Let z = o - -1. Let h be s(z). Give y(h).
-6
Let v(f) = 6*f + 4. Let k(p) = 7*p + 5. Let q(h) = 5*k(h) - 6*v(h). Calculate q(-1).
2
Let h(g) be the first derivative of g**2/2 + 2. Suppose 0 = n - 9 + 10. What is h(n)?
-1
Let c(p) = -5*p - 2*p**2 - 1 - 1 + 3. Let n be 5 - (18/(-6) - -12). Determine c(n).
-11
Let d(o) = 6*o**2 + 5*o - 4. Let c(y) = -13*y**2 - 9*y + 7. Let i(r) = 3*c(r) + 5*d(r). Calculate i(1).
-10
Let j be -7*-1*20/14. Let w be ((-2)/(-5))/((-2)/j). Let p(n) = -n**3 - 3*n**2 - 3*n - 1. What is p(w)?
1
Let a(p) = -p - 10. Let l be (14/6)/(13/(-39)). Give a(l).
-3
Let s(k) = k**2 - 5*k + 5. Suppose -5*m = -2 + 7. Let u be (-63)/15 - m/5. Let a(d) = -d. Let b be a(u). Give s(b).
1
Let z(d) = 3*d - 56. Let t be z(16). Let r(i) = i**3 + 8*i**2 - i + 2. Determine r(t).
10
Suppose 0 = -5*g + 9 + 11. Let b(c) = c**3 - 4*c**2 + 2*c - 6. Determine b(g).
2
Let a(m) = 2*m + 6. Let q = 15 - 9. Suppose -v - r = 2, 5*r - 16 = -v - q. Calculate a(v).
-4
Let j(m) = -m - 10. Let v(l) = -2*l - 19. Let a(d) = 7*j(d) - 4*v(d). Determine a(-6).
0
Let w(o) = 7*o**3 + o**2 - o + 1. Let l(x) be the third derivative of x**4/24 + 3*x**3/2 + 5*x**2. Let s be l(-8). What is w(s)?
8
Let l(h) = -h**2 - 1. Let i(n) = n**3 + 3*n**2 - 5*n - 6. Let c be i(-4). Let s be (c/(-3))/(3/18). Let x be -2*(-1)/s*2. Give l(x).
-2
Let w be (-20)/(-6) - 12/(-18). Suppose -5*n + 0*t + 63 = -w*t, 5*n - 45 = -5*t. Let y(k) = -k**2 + k**2 - n - k - k**3 - k**2. Calculate y(0).
-11
Let w(h) = h**2 + 3*h - 4. Let p(c) = -5*c - 1. Let i be p(-1). Suppose 4*l + 5*t = 1, 0*t - 4*t = -i. Let x be l/((-1)/2) - 7. Determine w(x).
6
Suppose -2*j - 11 = -3*v, 4 = -0*j + 2*j. Let x(m) = -m**3 + 6*m**2 - 5*m + 2. Let t be x(v). Let c(l) = 3 - t*l - 2 + l + 4. Calculate c(-4).
9
Let s(x) = x**2 + 2 - 4*x - 2. Suppose -4*b + 5*q + 3 = 0, -4*b - 1 = -7*b + 5*q. What is s(b)?
-4
Let h(b) be the third derivative of -b**5/60 - 5*b**4/12 - b**3/2 - 10*b**2. Determine h(-9).
6
Suppose -4*g - 5 = v + 2, -v = -g - 8. Suppose -v*d = 3*r - 39, 3*d = -r - d + 20. Let x = r + -3. Let l(b) = b**3 - 4*b**2 - 8*b + 4. Calculate l(x).
-11
Let u(k) be the third derivative of k**8/20160 - k**7/5040 + k**6/48 + k**5/15 + 4*k**2. Let p(v) be the third derivative of u(v). Give p(0).
15
Let t(h) be the third derivative of h**4/6 - 5*h**3/6 - 10*h**2. Calculate t(-5).
-25
Let r(m) = 4*m - 10. Let w(t) = -2 - 5*t + 0 + 13. Let n(a) = 6*r(a) + 5*w(a). Let v(d) = -3*d + 2. Let p be v(2). Give n(p).
-1
Let n = -3 + 1. Let x(h) = -1 - 4*h**2 + 169*h**3 - 3*h + 1 - 2 - 170*h**3. What is x(n)?
-4
Let x(v) = -8*v - 3. Let s(i) = 7*i + 3. Let p(w) = -4*s(w) - 3*x(w). Let n = 43 + -46. Calculate p(n).
9
Let z(q) = -5*q - 4. Let k be z(-1). Let s(y) = 15*y**3 + y**2 - 2*y + 1. Give s(k).
15
Let y = 8 + -3. Let n(r) = 3 - 2*r + y*r - 5 - 4. Calculate n(4).
6
Let o(v) = -7*v**2 + 1. Let g be o(-1). Let r(h) = -h**2 - 7*h + 1. Let d(a) = -a**2 - 7*a + 2. Let t(m) = -6*d(m) + 5*r(m). What is t(g)?
-13
Let j(p) be the third derivative of p**6/60 + p**5/60 - p**4/24 - p**3/6 - 13*p**2. What is j(-1)?
-1
Let k(a) = -a**3 - 2*a**2 + 3*a + 2. Let l = 21 - 24. Give k(l).
2
Let u(y) = y**2 + 6*y + 4. Let z be u(-5). Let l(i) be the first derivative of -3*i**4/4 + i - 2. Calculate l(z).
4
Let n = 63 - 38. Suppose 4*z - 3*v = -n, -z - 3 = 5*v - 14. Let l(u) = 0 + 5*u - 6 + 2*u**2 + 3. Calculate l(z).
9
Let y(d) = d**3 - 4*d**2 - 3*d + 2. Let q be 1*(-5)/((-10)/(-32)). Let o = -11 - q. Calculate y(o).
12
Let a be 2 - (1 - 1)*1. Suppose -o - 16 = -a*v - 4*o, 0 = -3*v - 4*o + 22. Let j(b) = b**2 - 1. Give j(v).
3
Let n(c) = c**3 + 4*c**2 + 3*c + 5. Suppose -3*u